is the units digit of l?
0
Let u = -110 + 60. What is the units digit of u/15 + 3 + 13/3?
4
Let b(f) = -2*f - 22. Let m be b(0). What is the tens digit of -16*(m/4 + 3)?
4
Let s(b) = -b**3 - 10*b**2 + 12*b + 6. Let z be s(-11). Let u = -5 - z. Suppose -3*o + 6*o - 9 = u. What is the units digit of o?
3
Suppose 4*k - 92 = 36. Let y = k + -5. What is the tens digit of y?
2
Let w = 7 + 62. Let h = 28 + w. What is the units digit of h?
7
Let y(j) = 2*j**3 + 8*j**2 - j - 4. Let t be y(-4). Suppose t = i + i. Suppose -q + 2*f + 35 = i, 5*f = 4*q - q - 104. What is the tens digit of q?
3
Let z(x) = x**3 + 7*x**2 - 2*x + 9. Let a be -2 - 0 - (-12)/(-6). What is the units digit of z(a)?
5
Let a be 3 + -1*(2 - 2). Suppose -a*d - 4*v - 165 = -8*d, 0 = d + 2*v - 33. What is the units digit of 600/d + (-2)/11?
8
Let p(c) = -2*c - 14. Let m be p(-8). Let i be (-1 + 3/m)*14. Suppose k = -5*x + 96, -x + 2*k + 24 = i. What is the units digit of x?
9
Let x be -1*(0 + -4) + -4. Suppose -c + 5*n = -65, -c + n = -x*c - 81. Let h = -43 + c. What is the tens digit of h?
4
What is the units digit of 968 + (-13 - -12)/((-3)/(-15))?
3
Let i(d) = -4*d - 3 + 6*d + 2*d**2 + 2. Let g be i(1). Suppose 4*m - g = 57. What is the tens digit of m?
1
Suppose -3*g + 4*u = -6223, -720 = -g + 5*u + 1369. What is the hundreds digit of g?
0
Let o = 1 + -9. Let j = -1 - o. What is the tens digit of 207/j - 52/91?
2
Let b(l) = -6*l**3 - l**2 - l - 1. Suppose 3*k + 4 = -k. Let m be b(k). Let r(j) = j**2 - 3*j - 4. What is the units digit of r(m)?
6
Let p be (-2)/5 - (-3222)/(-45). Let t = p + 51. What is the units digit of ((-54)/t)/((-2)/(-14))?
8
Let o(k) = 3*k + 6*k - 32*k**2 + 43*k**2 - 18 + k**3. Let h be o(-9). Let w = h + -12. What is the tens digit of w?
5
Suppose 13936 = 6*s + 2296. What is the tens digit of s?
4
Suppose -5*z + 134 + 179 = -4*p, -3*z + p + 185 = 0. Let a = z + 174. What is the units digit of a?
5
Suppose -4*t = 1098 - 86. Let h be t/55 + 3/5. Let y = h + 7. What is the units digit of y?
3
Let t(b) = 3*b**2 + 10*b + 11. Suppose 35 = -19*p + 14*p. What is the tens digit of t(p)?
8
Let k(z) = 2*z**2 + 4*z + 2. Let a(u) = -2*u**2. Let g be a(-2). Let f be (18/g)/((-36)/(-96)). What is the tens digit of k(f)?
5
Suppose 57*l + 5595 = 5*r + 62*l, r = 2*l + 1131. What is the tens digit of r?
2
Let s(v) = -4*v - 24. Let t be s(-6). Suppose 0 = -t*x - 5*x + 200. What is the units digit of x?
0
Let p(h) = -2*h**3 - 4*h**2 + 6*h - 1. Let f be p(-6). Let q = f - 173. What is the tens digit of q?
7
Let f be -1 + -1 - (-163 + 17). What is the tens digit of 29862/f + (-6)/16?
0
Let b = 309 + 200. What is the units digit of b?
9
Let z(b) = -b**3 + 5*b**2 + 3*b + 2. Suppose -3*i - 6 = -0. Let f be (20/8)/(i/(-4)). What is the tens digit of z(f)?
1
Suppose -2*f = -2*g + 4*g - 162, f = -4. What is the units digit of g?
5
Let h = 4409 - 2369. What is the units digit of h?
0
Suppose 614 = 6*t - 1600. What is the tens digit of t?
6
Let j = -47 - -49. Suppose -5*a - 2*f = -272, -j*a + 5*a + 3*f = 165. What is the units digit of a?
4
Suppose 0 = -6*w - 1882 - 2588. Let o(m) = -2*m**3 - 2*m**2 + m + 2. Let s be o(-3). What is the units digit of 2/(-7) - w/s?
1
Suppose -j + 2*j + 2*w - 150 = 0, -3*w = 2*j - 302. Suppose -6*i + j = 5*i. What is the tens digit of i?
1
Let f(q) = -11*q**3 + 3*q**2 + 19*q - 17. What is the tens digit of f(-6)?
5
Let a(p) = -p - 36. Let i be a(-13). Let s = i + 44. What is the units digit of s?
1
Let l(j) = j**2 + 15*j + 32. Let h be l(-16). What is the tens digit of -69*(-4)/h*8?
4
Let j be 16/20 + (-2 - (-284)/20). Suppose -f - j = -117. What is the tens digit of f?
0
Suppose -2*c = 4*c. Suppose c = 7*f - 11*f. Suppose 0 = -2*m + 3*i + 46, f*m = -4*m - i + 106. What is the units digit of m?
6
Suppose 2210 = 19*o - 6*o. What is the tens digit of o?
7
Suppose -12*k = -5*k - 28. Let b(v) be the second derivative of -v**5/20 + 5*v**4/12 - 2*v**3/3 + 3*v**2/2 + 3*v. What is the units digit of b(k)?
3
Let c = -99 + 177. Let h = -12 - -17. Suppose h*g - 125 = -0*g + 4*z, 3*g - 3*z = c. What is the tens digit of g?
2
Suppose 20*f + 10640 = 30*f. What is the hundreds digit of f?
0
Let s be ((-12)/9 + 0)*-3. Suppose -16 = 4*n, -s*v - 2*n = -0*v - 636. What is the tens digit of v?
6
Let i(p) = -2071*p - 45. What is the units digit of i(-1)?
6
Suppose -4*n + 1495 = 5*w, -w - 5*n + 9*n = -323. What is the units digit of w?
3
Let s be (-7)/(-1) - (-3)/(-3). Let t(l) = 10*l - 35. Let a(h) = -2*h + 7. Let x(o) = -11*a(o) - 2*t(o). What is the units digit of x(s)?
5
Suppose y = 3*y - 1458. Suppose y + 1079 = 8*d. What is the tens digit of d?
2
What is the tens digit of (-24)/(-12) + (59 - (1 - 1))?
6
Let u(v) = 366*v - 648. What is the thousands digit of u(15)?
4
Let d(n) = 414*n - 51. What is the hundreds digit of d(2)?
7
Suppose -934 - 1006 = -4*m. What is the units digit of m?
5
Let c(d) = 2*d**2 + 10*d - 6. Let i be -9 + -14 + 1 + -2. Let l = 17 + i. What is the tens digit of c(l)?
2
Let q be (2 + 5)/((-1)/(-27)). Let w = q - 16. What is the units digit of 16/56 - w/(-7)?
5
Let r(o) be the second derivative of o**3 - o**2 + 0*o**3 + 2*o - 4*o + 6*o. What is the units digit of r(5)?
8
Suppose 8*g + 2330 = 6730. What is the tens digit of g?
5
Suppose 3*l - 612 - 687 = -3*m, -2*l + 1303 = 3*m. What is the tens digit of m?
3
Suppose -2*y = 10, 5*o + y + 2*y = 860. What is the units digit of o?
5
Let k(h) = h**2 + 7*h + 5. Let m = 63 + -73. What is the units digit of k(m)?
5
Let s be ((-2)/(-4))/(119/(-20) - -6). Let b(j) = 6*j + 27. What is the tens digit of b(s)?
8
Let w = 3344 - 1267. What is the tens digit of w?
7
Suppose 5*y = 4*y. Let r be 2 + -3 + 4 + y. Suppose 4 - 6 = 2*i + r*j, 5*i - j = 29. What is the units digit of i?
5
Let u(p) = -p**3 + 6*p**2 - 4*p + 6. Let b be u(4). Suppose 4*x - b = -94. Let k = x - -45. What is the tens digit of k?
2
Let s = 76 + -25. Suppose -s + 351 = 4*t. What is the tens digit of t?
7
Suppose 11*y + 70 - 5130 = 0. What is the hundreds digit of y?
4
Let s(j) = 541*j - 105. What is the hundreds digit of s(6)?
1
Let r = 284 + -196. Let u = r - 51. What is the units digit of u?
7
Let w = 287 + -148. What is the units digit of w?
9
Suppose 20*n - 32928 + 6008 = 0. What is the tens digit of n?
4
Suppose -3*h + 2*t = -886, 4*h + 4*t - 746 - 422 = 0. What is the units digit of h?
4
Let x(d) = -811*d - 107. What is the units digit of x(-2)?
5
Let q(u) = -u + 1. Let c(i) = i**2 - 13*i + 9. Let z be c(12). Let s be q(z). Let b = s - -16. What is the tens digit of b?
2
Suppose -w - 105 - 103 = 0. Let o = w + 460. What is the tens digit of o?
5
Suppose -4*w - 5*g = -145, -2*g - 53 - 33 = -2*w. What is the units digit of 48/w - (-3)/(-15)?
1
Let k be 23/(12/(-2) - -5). Let x(h) = -h**3 - 23*h**2 + h + 29. What is the units digit of x(k)?
6
Let q = 258 + 4. Suppose -2*a = -q - 132. What is the units digit of a?
7
Suppose 12 - 10 = t. Suppose t*a + a - 42 = 0. What is the units digit of a?
4
Let p(f) be the second derivative of -11*f**5/10 - f**3/3 - 3*f**2/2 + 11*f. Let w be p(-2). Let u = w + -111. What is the units digit of u?
6
Let j be (-247)/26 + 1/2. What is the tens digit of j/(-5 + 2) + 104?
0
Let l(p) = -3*p - 1. Let a be l(-2). Suppose -2*f = a*b - 100, 0 = -f + 2*b + 81 - 22. What is the units digit of f?
5
What is the units digit of (222/(-30))/((-1)/10)?
4
Let p(b) = 57*b + 3. Let u be 24/16*(-4)/(-3). What is the hundreds digit of p(u)?
1
Let h(j) = 52*j**3 - j**2 + 3*j - 1. Suppose 9*k - 10*k = -1. What is the tens digit of h(k)?
5
Let v = -1454 - -2519. Let y = -335 - -337. What is the tens digit of v/25 - y/(-5)?
4
Let z(n) = -n**3 + 6*n**2 + 8 + n**2 + 2*n + 0*n**3. Suppose -35 = -9*j + 4*j. What is the units digit of z(j)?
2
Suppose -4*f = 5*d - 892, -4*d - 4*f + 163 = -549. What is the tens digit of d?
8
Suppose -3*h + 19 = 10. Suppose 131 + 163 = h*b. What is the tens digit of b?
9
Let j be (3 + 0 - -2)*3. Suppose -18*n + 30 = -j*n. What is the units digit of (64/n)/(1/10)?
4
Suppose -11*q + 4889 = -897. What is the tens digit of q?
2
Suppose 5*a - 79 - 36 = 0. Suppose -a = r - 37. What is the tens digit of r?
1
Let j(w) = -w**2 - w - 39. Let y(t) = -3*t**2 - 3*t - 87. Let k(f) = -5*j(f) + 2*y(f). Let i be (-1 + 1 + 0)/2. W